s divided by 34.
5
Calculate the remainder when 14619 is divided by 3635.
79
Calculate the remainder when 14356065 is divided by 933.
927
What is the remainder when 206543044 is divided by 811?
808
Calculate the remainder when 34811206 is divided by 138690.
16
What is the remainder when 24305630 is divided by 407?
404
Calculate the remainder when 2838061 is divided by 941.
5
What is the remainder when 2527622 is divided by 365?
362
Calculate the remainder when 6450042 is divided by 2150012.
6
Calculate the remainder when 4393767 is divided by 77.
70
Calculate the remainder when 4530593 is divided by 196.
53
What is the remainder when 12607 is divided by 1135?
122
Calculate the remainder when 15892 is divided by 600.
292
Calculate the remainder when 597636 is divided by 149405.
16
What is the remainder when 865047 is divided by 1975?
1972
What is the remainder when 293107677 is divided by 20?
17
Calculate the remainder when 52867 is divided by 52260.
607
What is the remainder when 132532874 is divided by 66266435?
4
Calculate the remainder when 66872 is divided by 372.
284
Calculate the remainder when 1886336 is divided by 133.
130
Calculate the remainder when 181239 is divided by 5028.
231
What is the remainder when 175113 is divided by 5003?
8
Calculate the remainder when 2914915 is divided by 971638.
1
What is the remainder when 4379532 is divided by 33?
3
Calculate the remainder when 1273377055 is divided by 7740.
7735
What is the remainder when 1599489 is divided by 36?
9
What is the remainder when 929591 is divided by 464773?
45
What is the remainder when 6698011 is divided by 3348976?
59
Calculate the remainder when 1020745 is divided by 1663.
1326
Calculate the remainder when 205022 is divided by 51209.
186
What is the remainder when 219352 is divided by 109673?
6
Calculate the remainder when 754346 is divided by 27926.
344
Calculate the remainder when 100453 is divided by 872.
173
Calculate the remainder when 1206434 is divided by 24621.
5
Calculate the remainder when 93962 is divided by 143.
11
Calculate the remainder when 12810781 is divided by 41.
3
What is the remainder when 111357505 is divided by 179?
173
What is the remainder when 89848 is divided by 29926?
70
What is the remainder when 2078261 is divided by 47233?
9
What is the remainder when 68874 is divided by 166?
150
Calculate the remainder when 6908627 is divided by 37.
24
What is the remainder when 25137279 is divided by 414?
27
Calculate the remainder when 17777997 is divided by 2962998.
9
What is the remainder when 216614 is divided by 70953?
3755
What is the remainder when 12830709 is divided by 2601?
2577
What is the remainder when 6715839 is divided by 809?
330
Calculate the remainder when 222225 is divided by 74055.
60
What is the remainder when 4065427 is divided by 290386?
23
What is the remainder when 295979 is divided by 14089?
110
Calculate the remainder when 69835 is divided by 411.
376
Calculate the remainder when 123447 is divided by 733.
303
What is the remainder when 11849188 is divided by 370287?
4
Calculate the remainder when 30270893 is divided by 29.
26
Calculate the remainder when 4921403 is divided by 2304.
59
What is the remainder when 5442952 is divided by 2403?
157
Calculate the remainder when 4788465 is divided by 113.
90
Calculate the remainder when 21705 is divided by 5607.
4884
What is the remainder when 104784325 is divided by 3026?
3023
What is the remainder when 978766 is divided by 608?
494
What is the remainder when 9609 is divided by 4114?
1381
Calculate the remainder when 3262806 is divided by 7713.
207
Calculate the remainder when 329561 is divided by 893.
44
Calculate the remainder when 137556 is divided by 97.
10
Calculate the remainder when 1647791 is divided by 171.
35
What is the remainder when 3597799 is divided by 375?
49
Calculate the remainder when 381789 is divided by 11.
1
Calculate the remainder when 61971758 is divided by 1359.
1358
What is the remainder when 1196039 is divided by 14071?
4
Calculate the remainder when 3977281 is divided by 994209.
445
Calculate the remainder when 311401 is divided by 23943.
142
Calculate the remainder when 18224915 is divided by 1347.
5
Calculate the remainder when 6706405 is divided by 3353173.
59
Calculate the remainder when 1207201 is divided by 402349.
154
What is the remainder when 237632 is divided by 21543?
659
Calculate the remainder when 3432257 is divided by 9.
8
What is the remainder when 46206 is divided by 446?
268
What is the remainder when 315648 is divided by 694?
572
Calculate the remainder when 58534026 is divided by 87234.
12
Calculate the remainder when 20766237 is divided by 2526.
2517
Calculate the remainder when 1413177 is divided by 86.
25
Calculate the remainder when 19096160 is divided by 433.
427
Calculate the remainder when 21479489 is divided by 82.
81
Calculate the remainder when 6236069 is divided by 259834.
53
What is the remainder when 2198568 is divided by 12?
0
What is the remainder when 11811646 is divided by 16?
14
What is the remainder when 1751600 is divided by 368?
288
What is the remainder when 7487568 is divided by 273?
270
Calculate the remainder when 19975964 is divided by 96.
92
What is the remainder when 14159 is divided by 545?
534
Calculate the remainder when 240063 is divided by 385.
208
What is the remainder when 413521 is divided by 411?
55
Calculate the remainder when 264269 is divided by 261337.
2932
Calculate the remainder when 2553555 is divided by 129.
0
What is the remainder when 10337473 is divided by 380?
333
What is the remainder when 584186 is divided by 146036?
42
Calculate the remainder when 134818 is divided by 134769.
49
What is the remainder when 2178977 is divided by 1304?
1297
What is the remainder when 175449 is divided by 1036?
365
What is the remainder when 97843 is divided by 694?
683
Calculate the remainder when 26941005 is divided by 5388201.
0
What is the remainder when 95650 is divided by 31417?
1399
Calculate the remainder when 11503117 is divided by 212.
209
What is the remainder when 218831 is divided by 19838?
613
What is the remainder when 239620 is divided by 5704?
52
What is the remainder when 349732688 is divided by 19?
11
Calculate the remainder when 294636229 is divided by 459.
457
What is the remainder when 19916 is divided by 2472?
140
Calculate the remainder when 774253 is divided by 4580.
233
Calculate the remainder when 19179063 is divided by 9374.
9233
What is the remainder when 782497 is divided by 186?
181
Calculate the remainder when 341316754 is divided by 2075.
4
What is the remainder when 2440816 is divided by 371?
7
What is the remainder when 987798 is divided by 969?
387
Calculate the remainder when 3254959 is divided by 58.
57
Calculate the remainder when 2271142 is divided by 1432.
1422
What is the remainder when 1547070 is divided by 110505?
0
Calculate the remainder when 2585527 is divided by 1944.
7
What is the remainder when 625398 is divided by 69183?
2751
What is the remainder when 83482350 is divided by 41?
36
What is the remainder when 117197518 is divided by 110?
108
What is the remainder when 1223375865 is divided by 9?
6
Calculate the remainder when 27604268 is divided by 223.
213
What is the remainder when 666050 is divided by 1454?
118
What is the remainder when 2580310 is divided by 166?
6
Calculate the remainder when 4372933 is divided by 25129.
487
Calculate the remainder when 200674 is divided by 2050.
1824
What is the remainder when 1009316 is divided by 48062?
14
What is the remainder when 9242154 is divided by 3080717?
3
What is the remainder when 66656588 is divided by 39?
11
Calculate the remainder when 1653972 is divided by 178.
174
Calculate the remainder when 21192522 is divided by 38.
36
Calculate the remainder when 2355901 is divided by 5776.
5069
Calculate the remainder when 35266263 is divided by 54.
51
What is the remainder when 1026230 is divided by 99?
95
Calculate the remainder when 656017 is divided by 10754.
23
What is the remainder when 511815 is divided by 127953?
3
What is the remainder when 2335388 is divided by 1733?
1037
What is the remainder when 56966 is divided by 9383?
668
Calculate the remainder when 22644395 is divided by 1820.
1775
Calcu